t x(w) = w**3 + 6*w - 13 - 4 + 19*w - 12*w**2. What are the prime factors of x(11)?
137
Suppose 3*n - 154 = 15*u - 17*u, -n = -3*u - 55. Suppose 5*c - 2*c - 66 = 3*j, 2*c = 3*j + 48. Suppose -c*x = -17*x - n. What are the prime factors of x?
2, 13
Let r = -139 - -145. Suppose 4*k - 3*k - 96 = 5*b, -3*b = -r. List the prime factors of k.
2, 53
Let o = 111 - 48. Let u = 97 - o. List the prime factors of u.
2, 17
Let x = -134 - -138. Let y be (-28)/(-6) - 4/(-12). Suppose x + 11 = y*k. What are the prime factors of k?
3
Let b(a) be the first derivative of -a**4/4 + a**2/2 + 22*a - 1. Let m = -220 + 220. List the prime factors of b(m).
2, 11
Let x = 65 + -42. Let p = x - -43. List the prime factors of p.
2, 3, 11
Let v(x) = x**3 + 15*x**2 + 16*x - 18. Let k be v(-12). List the prime factors of 15 + -13 - k/(-2).
113
Suppose t + 5 = -n - t, 0 = t + 3. Let j(o) be the third derivative of 3*o**5/10 + o**4/12 - o**3/6 + 2*o**2. List the prime factors of j(n).
19
Let t = -74 - -79. Suppose t*a - 2*n - 1166 = -n, -5*a - 4*n + 1186 = 0. What are the prime factors of a?
2, 3, 13
Let v(p) = p**3 + 30*p**2 - 28*p + 38. Let x be v(-31). Let d = 294 + x. What are the prime factors of d?
239
Let h = 52 - -1123. List the prime factors of h.
5, 47
Let a(g) = 9*g**3 - g**2 + 6*g - 10. What are the prime factors of a(7)?
2, 5, 307
Let n(p) = 18*p**2 - 4*p - 2. Let x be n(-1). Suppose 2*u = w + 3*u - 30, 4*u + x = w. What are the prime factors of w?
2, 7
Let r be 17/4 - 1/4. Suppose n = 3*n - r. Suppose 2*t = -4 + n, -s + 26 = -2*t. What are the prime factors of s?
2, 3
Suppose 9 = 10*s - 7*s. Let m = 1 + s. Suppose 4*p = -m*r + 72, 0*p + 36 = r - 5*p. List the prime factors of r.
3, 7
Suppose -a + 225 = n, 2*n = 3*a - 690 + 30. Suppose -42*q + 43*q = a. List the prime factors of q.
2, 3, 37
Let t = -539 + 1641. What are the prime factors of t?
2, 19, 29
Let r(i) = -55*i**3 + 1 - 19*i**2 - 2 + 18*i**2 - 2*i. List the prime factors of r(-1).
5, 11
What are the prime factors of (42/(-8) + 2)/((-13)/2756)?
13, 53
Let t = 4 - -1. Suppose 2*k - 370 = -3*k - t*w, 0 = 4*w - 12. List the prime factors of k.
71
Let d be 8 - 15/(-3 - -8). Suppose d*y + 40 = 5*k, 2*y = 4*k - y - 34. What are the prime factors of k?
2, 5
Let r(d) = -21*d + 268. List the prime factors of r(-30).
2, 449
Let v(u) = -u**3 + u**2 - 5*u + 188. Let c be v(0). Let b = c + -175. What are the prime factors of b?
13
Let p = 1372 + -458. List the prime factors of p.
2, 457
Let r(y) be the second derivative of 5*y**3/6 + 11*y**2/2 + 23*y. List the prime factors of r(12).
71
Let m = -13 + 17. Let j be 26/m*(-1 + -1). Let u = 9 - j. What are the prime factors of u?
2, 11
Let i(g) be the third derivative of 0*g + 17/6*g**3 + 6*g**2 - 1/24*g**4 + 0. List the prime factors of i(0).
17
Let w be (3/(-4))/((-6)/72). Let x = w + -5. Suppose -x*i = i - 110. List the prime factors of i.
2, 11
Let j(d) = 7*d + 24. Suppose u + 2*u - 48 = 0. What are the prime factors of j(u)?
2, 17
Let u(f) = -13*f + 6*f**2 - 17*f**2 + 12*f - 6*f**3. Let h(j) = 5*j**3 + 10*j**2 + 2*j - 1. Let t(n) = -5*h(n) - 4*u(n). What are the prime factors of t(-6)?
41
Suppose 23*n = -31*n + 103032. List the prime factors of n.
2, 3, 53
Suppose -2*u - 109 = -9. Let i = u - -86. What are the prime factors of i?
2, 3
Let r(s) = -490*s**3 + s**2 + s. List the prime factors of r(-1).
2, 5, 7
Let j(b) = -b**3 + 6*b**2 - 3*b. Let r be 63/9 - 3/1. Let o be (0 + 16)/r - -1. List the prime factors of j(o).
2, 5
List the prime factors of 144896/160*1*(-5)/(-2).
2, 283
Suppose i = -3*g - 8, -5*g - 17 = 3*i - 5*i. Suppose 2*u + 19 = b + 5, 0 = -5*b - 5*u - 5. List the prime factors of b - i/((-4)/(-8)).
2
What are the prime factors of 111020/40 - (2 - 14/4)?
2777
Suppose 8 = 2*n - 0. Suppose 3*q + n = q. Let o = 9 - q. What are the prime factors of o?
11
Let s(i) = -2*i**2 + i - 5. Let u(p) = -4*p**2 + 3*p - 9. Let b(t) = -7*s(t) + 3*u(t). What are the prime factors of b(6)?
2, 23
Let g(h) be the first derivative of -2*h**3/3 + h**2/2 + 43*h - 1. List the prime factors of g(0).
43
Let o(i) = 42*i + 638. List the prime factors of o(30).
2, 13, 73
Let i = 21 + -9. Let n be (-11 + i)/(2/50). List the prime factors of 4/(-10) - (-635)/n.
5
Let y(g) = -2*g**3 - 10*g**2 - 26*g - 553. What are the prime factors of y(-15)?
4337
Let w(b) be the second derivative of 23*b**3/2 + 5*b**2/2 + 10*b. What are the prime factors of w(1)?
2, 37
What are the prime factors of 5879/2 - 33/(-22)?
17, 173
Suppose 3*j + 4 = o, 0 = -2*j - 2*j + 4. Suppose 3*u - o = b, b + 0*u - u = 1. Suppose b*r + 22 = 2*f, -7*f + 3*f - 5*r = -44. List the prime factors of f.
11
Let z be -7 + 4 + 3 - 10. List the prime factors of (-8)/z + -1 - 352/(-10).
5, 7
Let z = -103 + 105. Suppose 4*y = -5*c + 760, -z*c + 0*c + 321 = 5*y. What are the prime factors of c?
2, 37
Let d be 7 + (0 - (0 + 3)). Suppose 0 = q - 4*y - 130, 2*q + 0*y - d*y - 244 = 0. Suppose -5*h - 2*u - u + q = 0, 2*u = 4*h - 100. List the prime factors of h.
2, 3
Let l(m) = -m**2 + m - 1. Let o(d) = 10*d**2 + d + 10. Let h(f) = 2*l(f) + o(f). What are the prime factors of h(-5)?
193
Let w be (-26)/(-6) - (-2)/(-6). Let n be 105/(-70)*((-120)/(-9))/(-1). What are the prime factors of 4 + 0 + n/w?
3
Let w = 804 + 244. What are the prime factors of w?
2, 131
Let i(u) = -u**3 + 3*u**2 - 2*u + 448. List the prime factors of i(0).
2, 7
Let w(j) = j**3 + j**2 - 1. Let d be w(2). Let l(o) be the third derivative of o**6/120 - o**5/5 + 7*o**4/12 + o**3 + 52*o**2. List the prime factors of l(d).
3, 13
Let i be 18 - (-3)/(-7 + 4). Suppose 0 = -4*b + b - f + 7, -3*b + f = -i. What are the prime factors of (-1)/b - (-2255)/44?
3, 17
Suppose 5*u - 3817 = y, -3062 = 11*u - 15*u + 5*y. List the prime factors of u.
7, 109
Let q(t) = -t**2 - 22*t + 49. Let s be 8/(-20) + 216/(-10). What are the prime factors of q(s)?
7
Suppose 3*n - 6*n + 2228 = t, -4*t = 4*n - 8944. List the prime factors of t.
2, 5, 7
Let n = -116 - -201. What are the prime factors of n?
5, 17
Let w(d) = -d**3 + 24*d**2 + 65*d - 44. List the prime factors of w(25).
2, 239
Suppose -3*d + 2375 = -5*k, 3*k + k - 820 = -d. Suppose 6*y - d = -4*y. List the prime factors of y.
2, 5
Suppose -20*n + 19*n = -507. List the prime factors of n.
3, 13
Let w(u) = -1. Let k(r) = 30*r + 10. Let n(b) = -k(b) + 2*w(b). List the prime factors of n(-2).
2, 3
Suppose -3*n + 4 = 1. List the prime factors of (n + 0)*(14 + 2).
2
Suppose -4*y = -16 + 12. Suppose 4*i + 33 = 2*z + y, z - 8 = -2*i. What are the prime factors of 417/z - 2/(-8)?
5, 7
Suppose 4*p = 3*x + 50, -p + 0*x + 12 = -x. Let i(g) = 4*g - 1. Let t be i(4). Let a = p + t. What are the prime factors of a?
29
Let b = 44 + -44. Suppose 5*q - 3*q + 5*r - 321 = b, 2*r = -5*q + 813. What are the prime factors of q?
163
Let s(d) be the first derivative of 1/4*d**4 + 1 + 5*d**2 + d + 14/3*d**3. List the prime factors of s(-13).
2, 5
Let v(j) = 29*j**2 + j + 54. What are the prime factors of v(-5)?
2, 3, 43
Let u = -87 + 393. List the prime factors of u - 4 - 2*2.
2, 149
Suppose 4*l + 221 = -5*p + 35, 98 = -3*p + l. Suppose 0 = 3*j - 213 + 36. Let g = j + p. List the prime factors of g.
5
Let r(v) = 2*v**3 - 15*v**2 + 9*v + 6. Let z(j) = -j**3 + 7*j**2 - 4*j - 3. Let m(t) = -2*r(t) - 5*z(t). Let k be 81/15 - 2/5. List the prime factors of m(k).
13
List the prime factors of (11572/132)/(2/6).
263
Suppose -36 = 4*r + 4*o, -r - o = r + 16. Let k be (r/(-21))/((-1)/(-6)). Suppose -5 = t, -z + 2*t + 46 = -k*t. What are the prime factors of z?
2, 13
Suppose -220 = -4*w - d, 2*w - w = 2*d + 46. What are the prime factors of w/(-5)*(-22 - -12)?
2, 3
Suppose 4*q - 2*k + 6*k - 40 = 0, -17 = -2*q - 5*k. Let y(s) = s**2 + 6*s - 21. What are the prime factors of y(q)?
2, 83
Let y(h) = 3*h**2 + 2*h - 2. Let s(u) = u. Let z be s(-5). Let p(w) = w**3 + 6*w**2 + 6*w + 2. Let g be p(z). What are the prime factors of y(g)?
19
Let p be 2*(3 - (-9)/(-6)). Let v(w) = -3*w + 8. Let l be v(p). List the prime factors of (l + 44)*(2 - 1).
43
List the prime factors of ((-1482)/65)/(2829/(-1410) + 2).
2, 19, 47
Suppose -2*x - 52 = -4*o, 3*x + 0*x + 3*o = -78. Let y be -3*2/(-3) - x. Let f = y + 15. List the prime factors of f.
43
Let o be (-1)/((-2)/(-6))*(-180)/(-27). Let g(